{"id":2,"date":"2023-03-01T17:12:03","date_gmt":"2023-03-01T17:12:03","guid":{"rendered":"http:\/\/erandicafe.com\/?page_id=2"},"modified":"2025-01-30T19:21:04","modified_gmt":"2025-01-30T19:21:04","slug":"erandicafe","status":"publish","type":"page","link":"http:\/\/erandicafe.com\/","title":{"rendered":"Erandicafe"},"content":{"rendered":"\n<h2 class=\"wp-block-heading\">Dedicaci\u00f3n y esmero por una paci\u00f3n, El caf\u00e9 100% mexicano, Desde el 2017 transformando granos de caf\u00e9.<\/h2>\n\n\n\n<blockquote class=\"wp-block-quote is-layout-flow wp-block-quote-is-layout-flow\"><p>nuestros granos son cuidadosamente seleccionados y tostados a detalle. lo ase ideal para se un caf\u00e9 de d\u00eda a d\u00eda, la oficina, casa, restaurando, hoteles y de mas.<\/p><p>env\u00edos a toda la publica mexicana<\/p><\/blockquote>\n\n\n\n<p><strong>Contacto<\/strong> <\/p>\n\n\n\n<p>wattsapp 56.1659.1076<\/p>\n\n\n\n<p>  <\/p>\n\n\n\n<p><\/p>\n\n\n\n<p><\/p>\n","protected":false},"excerpt":{"rendered":"<p>Dedicaci\u00f3n y esmero por una paci\u00f3n, El caf\u00e9 100% mexicano, Desde el 2017 transformando granos de caf\u00e9. nuestros granos son cuidadosamente seleccionados y tostados a detalle. lo ase ideal para se un caf\u00e9 de d\u00eda a d\u00eda, la oficina, casa, restaurando, hoteles y de mas. env\u00edos a toda la publica mexicana Contacto wattsapp 56.1659.1076<\/p>\n","protected":false},"author":1,"featured_media":58,"parent":0,"menu_order":0,"comment_status":"closed","ping_status":"closed","template":"","meta":{"footnotes":""},"class_list":["post-2","page","type-page","status-publish","has-post-thumbnail","hentry"],"_links":{"self":[{"href":"http:\/\/erandicafe.com\/index.php\/wp-json\/wp\/v2\/pages\/2","targetHints":{"allow":["GET"]}}],"collection":[{"href":"http:\/\/erandicafe.com\/index.php\/wp-json\/wp\/v2\/pages"}],"about":[{"href":"http:\/\/erandicafe.com\/index.php\/wp-json\/wp\/v2\/types\/page"}],"author":[{"embeddable":true,"href":"http:\/\/erandicafe.com\/index.php\/wp-json\/wp\/v2\/users\/1"}],"replies":[{"embeddable":true,"href":"http:\/\/erandicafe.com\/index.php\/wp-json\/wp\/v2\/comments?post=2"}],"version-history":[{"count":7,"href":"http:\/\/erandicafe.com\/index.php\/wp-json\/wp\/v2\/pages\/2\/revisions"}],"predecessor-version":[{"id":70,"href":"http:\/\/erandicafe.com\/index.php\/wp-json\/wp\/v2\/pages\/2\/revisions\/70"}],"wp:featuredmedia":[{"embeddable":true,"href":"http:\/\/erandicafe.com\/index.php\/wp-json\/wp\/v2\/media\/58"}],"wp:attachment":[{"href":"http:\/\/erandicafe.com\/index.php\/wp-json\/wp\/v2\/media?parent=2"}],"curies":[{"name":"wp","href":"https:\/\/api.w.org\/{rel}","templated":true}]}}